ulate the highest common divisor of w and n.
11
Let u be -2 + 54 - 3 - (-1 - 2). What is the highest common factor of u and 12?
4
Suppose 43*v - 4607 = 9583. What is the highest common factor of v and 210?
30
Let i(g) = -g**3 - g + 50. Let n be i(0). Let q be (-48)/(-64)*120/9. What is the highest common factor of q and n?
10
Let k be ((-60)/(-42))/(2/14). Suppose 104 = -6*c + k*c. What is the highest common divisor of 65 and c?
13
Suppose 4*k - 12 - 84 = 0. Suppose -3*m + 360 = -0*m. What is the greatest common factor of m and k?
24
Let a be 28/3 + (-1)/3. Let v be 282/8 - (5 + 69/(-12)). What is the highest common factor of v and a?
9
Let z(t) be the first derivative of t**2/2 - 8*t + 4. Let l be z(11). Let u be 1/(l - 4)*-28. Calculate the highest common factor of u and 4.
4
Let r be 2*((-9)/(-4) - (-30)/(-40)). Suppose c - 3*c + r*g = -528, -3*c + 3*g = -792. Calculate the highest common divisor of c and 24.
24
Let z = -58 + 73. Let u = z - 12. Let j(d) = -d**2 + 13*d - 7. Let m be j(5). Calculate the greatest common factor of u and m.
3
Let x(q) = -q**2 + 26*q + 70. Let v be x(26). Calculate the greatest common factor of v and 560.
70
Let s(l) = l**3 - 5*l**2 - 3*l - 14. Let n be s(6). Suppose n*y - 2*g = y + 1551, -4*g = 0. What is the highest common divisor of y and 47?
47
Let v be (2/4)/(8/320) - 1. What is the greatest common divisor of 57 and v?
19
Let u = 73 - 41. Let s = -467 - -547. Calculate the greatest common factor of s and u.
16
Suppose 0 = -3*a + q + 23, 0 = 4*a - 2*q - 3*q - 38. What is the greatest common factor of a and 84?
7
Let f be 4 + (43 - (3 + -1)). Let w be 10/(-6)*4*(-54)/f. Let n = -22 - -38. Calculate the greatest common divisor of n and w.
8
Let n be (0 + 30/20)*4. Calculate the highest common factor of n and 582.
6
Let f(y) = 9*y**2 - 13*y + 168. Let v be f(8). What is the greatest common factor of 10 and v?
10
Let y = -24 - -44. Let r = 1077 + -1047. What is the greatest common factor of r and y?
10
Suppose -63 = 3*w - 54, -2*m - 3*w - 7 = 0. Suppose -3*x + 4*x - 2 = 0. What is the highest common divisor of m and x?
1
Suppose 5 = -g - l, 2*g + 4*l - 16 = 4*g. Let j be (-2)/g*6*2. What is the greatest common factor of j and 6?
2
Let x be 191 + -196 + 2/(-3 - (-118)/38). Let w(t) = -22*t + 0 - 33*t + 1. Let v be w(-1). Calculate the greatest common divisor of v and x.
14
Let t(q) = -q**3 - 9*q**2 - 8*q - 30. Let y be t(-9). Suppose -88 = -5*v + y. What is the highest common factor of 104 and v?
26
Let v be 1*(-7 - -1)*38/(-6). Calculate the greatest common divisor of 19 and v.
19
Let t(b) = b + 12. Let i be t(-10). Suppose -148 = -i*u + u. Suppose u = 5*r - 132. Calculate the highest common divisor of r and 14.
14
Suppose -2*p - 28 = -4*p. Suppose 3*o - 182 = -10*o. What is the greatest common factor of p and o?
14
Let m = 36 - 33. Let t be -20*1 + (m - 6). Let p = 35 + t. What is the highest common factor of p and 108?
12
Let n be -1 - 0/4 - -2. Suppose -8 = -3*a + n. Suppose a*u = 343 + 77. Calculate the greatest common divisor of 28 and u.
28
Let n = 585 + -533. What is the highest common factor of n and 8?
4
Let u be ((-19 - -10) + -147)*-1. Calculate the highest common factor of 676 and u.
52
Suppose 0 = 23*a - 6*a - 204. Calculate the greatest common factor of 1500 and a.
12
Suppose 3*u + 3*h = 48, 4*u - 4*h - 44 = -12. Let j(v) = -v**2 + 37*v + 552. Let a be j(48). Calculate the greatest common divisor of u and a.
12
Let f(u) = -u**3 + 23*u**2 + 5*u - 97. Let l be f(23). Calculate the greatest common divisor of l and 33.
3
Suppose 111 + 330 = 7*b. Calculate the greatest common divisor of 1575 and b.
63
Let z be (-13 - 3)/2 - -89. What is the greatest common factor of z and 324?
81
Let i(s) = -s**2 + s**2 - 6*s**2 - 2 + s. Let z be i(2). Let v be (-55 + 1)*32/z. Calculate the highest common divisor of 8 and v.
8
Let p(b) = b + 14. Let r be p(-8). Suppose -3*q + r*q = 6. Suppose -u + 6*u = t - q, -5*t = 4*u - 126. Calculate the highest common divisor of t and 33.
11
Let b(s) = 41*s**2 - 138*s - 139. Let v be b(-1). Suppose -d + 0*d + 4*j = -6, 0 = -5*d + j + 49. Calculate the greatest common divisor of v and d.
10
Let z = 538 - 342. Let b be (-3)/6 - z/(-8). Calculate the greatest common factor of b and 216.
24
Let j(h) = 1513*h**3 - 2*h**2 + 2*h - 1. Let n be j(1). Suppose 0 = 6*q + q - n. What is the highest common divisor of 27 and q?
27
Let a(r) = 4*r - 10 + 5*r**2 - 10*r - 3*r**2 + 5. Let p be a(-2). Calculate the greatest common divisor of p and 30.
15
Let s(c) = 2*c**2 - 7*c - 4. Let o be s(-3). Suppose f - o = -15. What is the greatest common factor of 220 and f?
20
Suppose -19 = 5*q + 2*l - 330, 0 = -3*q - 4*l + 181. Let y = 51 - 36. Suppose 204 - y = 9*m. What is the highest common divisor of q and m?
21
Let t be 2 + -1 - (2 + 15). Let z = -10 - t. Let s(w) = 2*w**2 - 23*w + 32. Let g be s(10). Calculate the highest common divisor of g and z.
2
Let w = -134 - -153. What is the highest common divisor of 475 and w?
19
Let i be (-984)/(-36) - (-1)/(-3)*-2. What is the greatest common divisor of i and 70?
14
Let c = 433 + -340. Calculate the greatest common divisor of c and 186.
93
Suppose -8*z = -1 - 71. Calculate the greatest common factor of 144 and z.
9
Let o(l) = l**3 - 12*l**2 - 29*l + 18. Let i be o(14). What is the greatest common divisor of i and 79?
1
Suppose 0 = -3*w - 4*f + 3203, 2*f = -24*w + 23*w + 1069. What is the greatest common factor of 15 and w?
15
Let q = -464 + 465. Calculate the highest common divisor of 28 and q.
1
Suppose 0 = -0*x - 4*x + 8. Let s = -14 + 35. Let v be (-15)/s + 2 + (-22)/77. What is the greatest common factor of x and v?
1
Let d(t) = t**3 + 3*t**2 - 9*t - 8. Let r be d(-4). Suppose -x = 2*x. Suppose 5*j + x*j = 90. Calculate the highest common factor of r and j.
6
Let s = 78 + -53. Suppose -s = -2*l - 1. Calculate the greatest common factor of l and 204.
12
Let w be (440/15)/(2*3/117). Calculate the highest common divisor of 104 and w.
52
Suppose -102*d + 106*d = 1320. What is the greatest common factor of 120 and d?
30
Let g = 418 + -403. Let j(q) = 5*q. Suppose 3*x + 14 = 2*s + 5*x, 0 = -s + 3*x - 9. Let z be j(s). What is the greatest common divisor of z and g?
15
Let q(l) = l**3 + 7*l**2 + 6*l + 5. Let b be q(-6). Suppose 0*f = b*f. Suppose f = n - 20 - 2. Calculate the highest common divisor of 2 and n.
2
Let h be ((-160)/30)/(2 + -1)*3. Let z(n) = n**2 + n - 2. Let p be z(-6). Let c = p + h. What is the highest common factor of c and 24?
12
Let j = -3 - -6. Suppose j*l - 2*l - 23 = 0. Suppose -47 = -5*o + l. Calculate the highest common factor of o and 154.
14
Let k be 46/8 - 7/(28/3). Let u = 16 + k. Calculate the highest common factor of 3 and u.
3
Let r(q) = q**3 + 12*q**2 + 1. Let f be r(-12). Suppose 19 = a + f. Suppose 2*i = -2*i + 144. What is the greatest common factor of i and a?
18
Suppose -4*h + 20 = 4*w, -w + 0 - 7 = -3*h. Suppose -4*f - 5*a = -149, 3*a - 15 = -h*f + 96. What is the highest common divisor of 24 and f?
12
Let n be (16/24)/(2/9). Suppose -t = n*t + 208. Let a = 130 - t. Calculate the highest common divisor of 26 and a.
26
Let v = -17 - -47. Let r = -154 + 229. What is the highest common factor of r and v?
15
Suppose -6*w + 282 = -18. Calculate the greatest common divisor of w and 450.
50
Let r(s) = -22*s + 2. Let h be r(-5). Suppose -4 = -4*a + 5*d, -2*d = -4*a + 3 - 11. Let t = a - -20. Calculate the highest common divisor of t and h.
16
Let a = 101 - 89. Let h be (a/8)/((-1)/(-26)). Calculate the highest common divisor of 26 and h.
13
Suppose -4*c = -9*c + 1440. Calculate the highest common factor of c and 36.
36
Suppose -2*y - 12 = v, 2*v = -5*y - 36 + 10. Let b(x) = -x**2 - 9*x + 10. Let u be b(v). Let z = -17 + u. Calculate the greatest common divisor of z and 3.
1
Let b(x) = x + 5 - 6*x + 2*x + 2*x. Let l be b(7). Let v(i) = i**3 + 5*i**2 - i + 3. Let n be v(l). What is the highest common factor of 187 and n?
17
Suppose 5*u - 15 = 0, 4*y + 4*u - 13 = 5*u. Suppose -29*g - 36 = -38*g. Let j be -3*y/g + 168. What is the greatest common divisor of j and 15?
15
Suppose 0 = 3*u + 2*z - 43, 5*u - 2*u - 5*z - 29 = 0. Let v be (-81)/(-6)*(-12)/9. Let b = v + 31. Calculate the greatest common factor of u and b.
13
Suppose 4*a